k**2 + k**3 - 3*k + 6 - 4*k + 6*k - 24*k. List the prime factors of j(9).
2, 3
Let s = 23 + -22. Let v be s/(-2)*(-14 + -2). Suppose -7*q = -v*q + 12. List the prime factors of q.
2, 3
Suppose q = 4*q. Suppose 4*b - 16 = -q*b. Suppose 167 = 5*n - b*t, -n = 4*n - 2*t - 161. What are the prime factors of n?
31
Let q = -12 + 32. Let l(c) = c**3 - 5*c**2 - 6*c + 6. Let d be l(6). List the prime factors of (117/d)/(15/q).
2, 13
Suppose -3*p = -12*p + 10485. What are the prime factors of p?
5, 233
Let t = 6674 + -4108. List the prime factors of t.
2, 1283
Let w = 36 + -34. Suppose -3*f + 0*g - w*g = -373, -2*f + 250 = 2*g. List the prime factors of f.
3, 41
Let j(a) = 2*a**2 + 5*a + 1. Let m(i) = i**2 - 9*i + 6. Let t be m(8). Let k be (-3)/(3/(1 - t)). What are the prime factors of j(k)?
2
Let t be (1 + -1 + 0)/(-2). Suppose 82 = 8*i - 54. Suppose -2*n + 27 + i = t. List the prime factors of n.
2, 11
Let o = 305 + -213. List the prime factors of o.
2, 23
Let y(c) be the second derivative of c**4/2 + 5*c**3/6 - c**2 + 17*c. List the prime factors of y(-3).
37
Suppose 46*h - 50*h = -1064. What are the prime factors of h?
2, 7, 19
Suppose -6*v + 1028 = 224. What are the prime factors of v?
2, 67
Suppose d - 143 = -4*p, 3*d + 40 + 35 = 2*p. List the prime factors of 1/6 - 1318*(-3)/p.
2, 5, 11
What are the prime factors of 1310 + 0 + 130/26?
5, 263
Let u = 9439 + -5120. List the prime factors of u.
7, 617
Suppose s + 6*c - 51 = c, s - c - 57 = 0. Suppose -2*k + s = 14. List the prime factors of k.
3, 7
Let f = 1087 - 392. Let a = f + -398. List the prime factors of a.
3, 11
Let s(m) = -3 + m + 15*m + 4*m - 8*m - m**2. Suppose 5*f + 20 = 75. List the prime factors of s(f).
2
Let l = -12 - -14. Let m(y) = 4*y - y**2 + 4*y + 0*y**l - 8. What are the prime factors of m(5)?
7
Let q be -5 + (3/(-3) - -4). Let m(v) be the second derivative of -5*v**3/3 - 2*v**2 + 15*v. What are the prime factors of m(q)?
2
Let g(a) = a - 15. Let m be g(11). Let r be 2/((-820)/206 - m). Let n = 147 - r. What are the prime factors of n?
2, 11
Suppose -5*f + 816 = 3*a, 4*a + a = -2*f + 334. Suppose 0 = -0*q + 2*q - f. What are the prime factors of q?
3
Let z(i) = -3*i + 2. Let h be z(-2). Let r(m) = 2*m + 3. List the prime factors of r(h).
19
Suppose 3*u + 5 = 11. Suppose u*t - t + 34 = 0. Let o = -13 - t. List the prime factors of o.
3, 7
Let s = -96 + 235. Suppose s = 8*x - 141. What are the prime factors of x?
5, 7
List the prime factors of 1445/3 - 8/(-24).
2, 241
Suppose 0 = -5*v + 2*z + 4926 + 4267, -4*z = v - 1821. List the prime factors of v.
11, 167
Suppose -1001 = -6*i + 85. Suppose 0 = -8*k - i + 1037. List the prime factors of k.
107
Let r = 1397 - 993. List the prime factors of r.
2, 101
Suppose 4*q - 3*q - 80 = -4*y, 3*q - 2*y - 254 = 0. Let k = q - 60. Let p = k + -7. List the prime factors of p.
17
Let y be 1*2*37 - (2 + -3). Suppose -5*g - 110 = 3*l + 36, 0 = 4*l - 5*g + 218. Let d = l + y. List the prime factors of d.
23
Let h be (3 + -1 + -10)/(2/(-148)). Suppose 4*m + 0*m = 4*f - h, -m = 2. List the prime factors of f.
2, 73
Suppose -2*t - 4 = f - 11, -5*t + f = -28. Suppose 207 - 887 = -t*l. List the prime factors of l.
2, 17
Let a = 115 - 181. Let w be (-2)/3*-3*6. What are the prime factors of w/a - (-972)/22?
2, 11
Let o(j) = -3*j**3 + 16*j**2 + 88*j + 14. What are the prime factors of o(-8)?
2, 5, 11, 17
Let j(f) = -34*f**3 - 3*f**2 - 3*f - 1. Let u(p) = -4*p - 17. Let v be u(-4). List the prime factors of j(v).
3, 11
Let w(v) = 7*v**2 - 19*v - 111. What are the prime factors of w(-10)?
19, 41
Let w = 597 - 332. What are the prime factors of w?
5, 53
Suppose 5*o - 188 = 292. Suppose 2*m = -5*z - 8, z + 0*z + 20 = -5*m. Suppose z = 7*v - 3*v - o. List the prime factors of v.
2, 3
List the prime factors of (-2)/5 - (3724/(-10) - 2).
2, 11, 17
Let j(k) = -29*k - 9. Let c be j(5). Let a = c + 266. List the prime factors of a.
2, 7
Let v(u) = 234*u**2 + 114*u + 450. What are the prime factors of v(-4)?
2, 3, 7, 89
Suppose -5164 - 2900 = -6*y. What are the prime factors of y?
2, 3, 7
Suppose -6*f + 5418 = -678. What are the prime factors of (1*f/12)/(4/6)?
127
List the prime factors of (-11938)/(-10) + (-126)/(-105).
5, 239
List the prime factors of 2/(-16) + 33189/104.
11, 29
Suppose 18*g + 8*g = 56108. List the prime factors of g.
2, 13, 83
What are the prime factors of 0/(-8) + 62/1?
2, 31
Suppose -6*g + 28 = 10. Suppose 0*y - 2*y = -6, -y = -g*d + 36. List the prime factors of d.
13
Let d(k) = 3*k**2 + 2*k - 109. What are the prime factors of d(10)?
211
Let a(b) = -b**3 + 5*b**2 - 2*b - 7. Let f be a(3). Suppose f*y + y = 36. Suppose 64 = y*d - 8. What are the prime factors of d?
2, 3
What are the prime factors of 3/((-27)/(-156))*(-11778)/(-52)?
2, 13, 151
Suppose 2*q + 6 = 5*q. Let w be q/(-8)*2*-8. Suppose w*o - 3*o = 23. What are the prime factors of o?
23
Let b(o) = 1 + 0 + 4*o**2 - 6*o**2 - 3*o**3. Let y be b(-1). Suppose y*p + p = -4*c + 109, 2*c = 3*p + 41. What are the prime factors of c?
5
Let k(v) = 60*v**3 + 2*v**2 - 7*v + 7. List the prime factors of k(1).
2, 31
Let x(i) = -i**3 + 5*i**2 + 14*i. Let b be x(7). Suppose -3*s + 180 + 123 = b. What are the prime factors of s?
101
Let i be (-6)/(-2)*(-8)/(-6). Suppose i*b + 3 = 15. Suppose -2*f - 2*c + 16 = 0, -4*f + 4*c + 3 = -b*f. List the prime factors of f.
7
Let p = 71 - 68. Suppose -4*c = -r + 36, -2*r + 5*r + 2*c - 80 = 0. What are the prime factors of p*-1*r/(-12)?
7
What are the prime factors of ((220/(-25))/11)/((-1)/960)?
2, 3
Let k = -1034 + 2427. What are the prime factors of k?
7, 199
Let z(a) = a. Let f be z(-4). Let k(d) = -d**2 - 8*d + 2. Let p be k(f). Suppose p = -2*o + 84. List the prime factors of o.
3, 11
Let r be (-136)/(-51)*(-42)/4. Let o = r + 68. Suppose -y + 21 = -o. What are the prime factors of y?
61
Suppose 3*s + s = 0. Let n = 9 - -1. Suppose -4 = 2*h, s = -o + 4*h + n + 1. What are the prime factors of o?
3
Suppose 0 = 4*x - 0*x + 44. Let o(v) = -9*v - 12. Let b be o(x). Let y = -51 + b. What are the prime factors of y?
2, 3
Let z = -22 - -21. Let d(h) = -9*h**3 + h**2 + 1. What are the prime factors of d(z)?
11
Let f be (-1 - 9/1)*-10. Suppose m + 4 = 24. Suppose f = 5*v + 5*i - m, 4*i + 16 = 0. List the prime factors of v.
2, 7
Let f = -53 - -55. Suppose 4*o = -f*j + j + 100, 44 = 2*o + 2*j. What are the prime factors of o?
2, 13
Suppose 14 = 3*h - 2*h. Suppose -u + h - 1 = 0. What are the prime factors of u?
13
Suppose -30*d = -22*d - 2176. What are the prime factors of d?
2, 17
Let d(w) = 16*w**2 - 6*w - 56. What are the prime factors of d(-6)?
2, 139
Let o = 10110 + -7197. What are the prime factors of o?
3, 971
Let y be (0 - (1 + -2))*13. Let m(c) = -c**3 + 14*c**2 - 5*c - 14. Let x be m(y). List the prime factors of ((-2)/5)/((-2)/x).
2, 3
Let b(o) = 13*o**2 - o - 3. Let k(j) = 7*j**2 - j - 2. Let s(u) = 3*b(u) - 5*k(u). Let y be s(-1). Suppose 0 = -y*m + m + 46. What are the prime factors of m?
23
Let k(j) = -j**2 + 3*j - 4. Let s be k(9). Let i = 78 + s. List the prime factors of i.
2, 5
Suppose -3*w - 2*w = -5*s - 15, 0 = 4*s + 2*w - 6. Suppose -2*m - 8 = s, -m = 3*t - 248 + 27. List the prime factors of t.
3, 5
Suppose 3*b + 27 = 3*s, 3*s + 5*b = -2 + 13. Suppose 0 = c + s*c + 48. What are the prime factors of (c/(-9))/(12/522)?
29
Suppose -4*k + 12 = 0, p - 3*k + 1 - 4 = 0. Let r be 24/(-9)*(-9)/p. What are the prime factors of (-5*6)/(-2) - r?
13
Let y(j) = j**3 - 4*j**2 + j. Let z be y(4). Suppose -z*u = -20, 2*l + l = -u + 191. What are the prime factors of l?
2, 31
Let y = 13 - -47. Suppose 34 = 5*l - 186. Suppose 4*h = c + 8 - l, -y = -3*c - 4*h. What are the prime factors of c?
2, 3
Let t be (-1)/4 + (-6)/8. Let j = -270 + 297. What are the prime factors of (t + 2)*3 + j?
2, 3, 5
Let j(x) = -x**3 + 8*x**2 - 5*x - 4. Let v be j(7). Suppose 0 = 3*g - 73 + v. Suppose -2*c + 23 = -g. List the prime factors of c.
2, 11
Let j = 4 - 2. Suppose -6*i + 5*i + 2*x = -63, -j*x = -5*i + 283. Suppose 3*a = -2*a + i. What are the prime factors of a?
11
Let v(k) = -2*k - 10. Let j be v(-7). Suppose 0 = 4*g + j*p + 4 - 40, -5*g = -p - 51. List the prime factors of (g/(-7))/((-1)/7).
2, 5
Let y(f) be the second derivative of f**4/3 - f**3/6 - 17*f**2/2 + 44*f. 